{"id":2,"date":"2023-02-01T15:13:46","date_gmt":"2023-02-01T14:13:46","guid":{"rendered":"https:\/\/bicinsieme.com\/?page_id=2"},"modified":"2023-02-24T15:11:08","modified_gmt":"2023-02-24T14:11:08","slug":"pagina-di-esempio","status":"publish","type":"page","link":"https:\/\/bicinsieme.com\/","title":{"rendered":"Perch\u00e8 Bicinsieme"},"content":{"rendered":"<p><a name=\"home\"><\/a><\/p>\n<div class=\"entry-title\">\n<h1>Perch\u00e8 Bicinsieme<\/h1>\n<\/div>\n<div class=\"contenitore1\">\n<div class=\"testodx\">\n<p>Ci piacerebbe che ognuno potesse muoversi con leggerezza, con i giusti tempi, senza barriere e nel rispetto dello spazio che attraversa. Pensiamo che l&#8217;ambiente sia un dono da preservare nel tempo senza pratiche di appropriazione invasiva che trascuri l&#8217;ascolto dell&#8217;altro &#8230;e di noi stessi.<\/p>\n<p>Lavoriamo per trovare soluzioni volte ad offrire anche ai membri pi\u00f9 fragili della nostra comunit\u00e0 la possibilit\u00e0 di essere ancora al centro della vita collettiva, magari con un pizzico di originalit\u00e0!<\/p>\n<p>Anche noi sogniamo certamente un mondo condiviso, dove la possibilit\u00e0 di essere elementi attivi della cittadinanza contribuisca alla felicit\u00e0 e al benessere di tutti, a prescindere da et\u00e0 o condizioni di salute.<\/p>\n<p>Bisogna essere maghi? No, basta garantire il diritto di sperimentare l\u2019ambiente con curiosit\u00e0, tenendo vive percezione, socialit\u00e0 e abilit\u00e0 motorie. In questo modo contribuiamo a tener vivo quel collante tra le parti delle nostra comunit\u00e0, condizione indispensabile per salvaguardare la fiducia e il rispetto reciproco.<\/p>\n<\/div>\n<div class=\"portafoto\" data-wp-editing=\"1\"><img decoding=\"async\" class=\"alignnone size-full wp-image-91\" style=\"width: 80%;margin-bottom:2rem;\" src=\"https:\/\/bicinsieme.com\/wp-content\/uploads\/2023\/02\/Orthro_02_900x900.jpg\" alt=\"\"><\/div>\n<div class=\"portafoto\" data-wp-editing=\"1\"><img decoding=\"async\" class=\"alignnone size-full wp-image-91\" style=\"width: 80%;margin-bottom:2rem;\" src=\"https:\/\/bicinsieme.com\/wp-content\/uploads\/2023\/02\/S_a_Spasso.jpeg\" alt=\"\"><\/div>\n<div class=\"testodx\">\n<h2>Inclusivit\u00e0 a pedali<\/h2>\n<p>E&#8217; evidente che potersi spostare e interagire con l\u2019ambiente esterno con grande indipendenza permette a ciascuno di sentirsi protagonista all\u2019interno della propria comunit\u00e0.<\/p>\n<p>Poter fare questo in lentezza e relax favorisce la costruzione e il mantenimento di legami. Tra generazioni diverse, tra anziani, tra pilota e passeggeri, tra educatori, utenti e famigliari.<\/p>\n<p>Senza contare che l\u2019interazione sociale e l\u2019esercizio fisico garantiti dagli spostamenti su queste speciali biciclette prevengono molti disturbi cronici.<\/p>\n<p>Finalmente la possibilit\u00e0 di spostarsi pedalando \u00e8 effettivamente alla portata di chiunque! Il nostro compito \u00e8 cercare soluzioni di mobilit\u00e0 per tutti, adoperandoci per offrire specifici test mirati a capire le esigenze di ognuno.<\/p>\n<\/div>\n<div class=\"testosx\">\n<h2>I nostri servizi<\/h2>\n<p>Offriamo a istituzioni pubbliche, associazioni, imprese e famiglie:<\/p>\n<p>&#8211; servizi di <span style=\"font-weight: bold; color: green;\">noleggio<\/span> di mezzi a pedali speciali per persone che hanno difficolt\u00e0 a utilizzare la tradizionale bicicletta;<\/p>\n<p>&#8211; <span style=\"font-weight: bold; color: green;\">mappatura<\/span> delle reti stradali del territorio per verificarne la loro compatibilit\u00e0 rispetto alle esigenze di una ciclabilit\u00e0 inclusiva;<\/p>\n<p>&#8211; <span style=\"font-weight: bold; color: green;\">consulenza<\/span> per l&#8217;acquisto di mezzi a pedali speciali;<\/p>\n<p>&#8211; <span style=\"font-weight: bold; color: green;\">eventi<\/span> di sensibilizzazione rivolti ai vari stakeholder per fare apprezzare le potenzialit\u00e0 di un utilizzo inclusivo dei mezzi a pedali.<\/p>\n<\/div>\n<div class=\"portafoto\" data-wp-editing=\"1\"><img decoding=\"async\" class=\"alignnone size-full wp-image-91\" style=\"width: 100%;\" src=\"https:\/\/bicinsieme.com\/wp-content\/uploads\/2023\/02\/10.jpeg\" alt=\"\"><\/div>\n<\/div>\n","protected":false},"excerpt":{"rendered":"<p>Perch\u00e8 Bicinsieme Ci piacerebbe che ognuno potesse muoversi con leggerezza, con i giusti tempi, senza barriere e nel rispetto dello spazio che<\/p>\n<p class=\"link-more\"><a class=\"myButt \" href=\"https:\/\/bicinsieme.com\/\">Read More<\/a><\/p>\n","protected":false},"author":1,"featured_media":0,"parent":0,"menu_order":0,"comment_status":"closed","ping_status":"open","template":"","meta":{"om_disable_all_campaigns":false,"_monsterinsights_skip_tracking":false,"_monsterinsights_sitenote_active":false,"_monsterinsights_sitenote_note":"","_monsterinsights_sitenote_category":0,"_uf_show_specific_survey":0,"_uf_disable_surveys":false,"footnotes":""},"class_list":["post-2","page","type-page","status-publish","hentry"],"aioseo_notices":[],"_links":{"self":[{"href":"https:\/\/bicinsieme.com\/index.php\/wp-json\/wp\/v2\/pages\/2","targetHints":{"allow":["GET"]}}],"collection":[{"href":"https:\/\/bicinsieme.com\/index.php\/wp-json\/wp\/v2\/pages"}],"about":[{"href":"https:\/\/bicinsieme.com\/index.php\/wp-json\/wp\/v2\/types\/page"}],"author":[{"embeddable":true,"href":"https:\/\/bicinsieme.com\/index.php\/wp-json\/wp\/v2\/users\/1"}],"replies":[{"embeddable":true,"href":"https:\/\/bicinsieme.com\/index.php\/wp-json\/wp\/v2\/comments?post=2"}],"version-history":[{"count":28,"href":"https:\/\/bicinsieme.com\/index.php\/wp-json\/wp\/v2\/pages\/2\/revisions"}],"predecessor-version":[{"id":595,"href":"https:\/\/bicinsieme.com\/index.php\/wp-json\/wp\/v2\/pages\/2\/revisions\/595"}],"wp:attachment":[{"href":"https:\/\/bicinsieme.com\/index.php\/wp-json\/wp\/v2\/media?parent=2"}],"curies":[{"name":"wp","href":"https:\/\/api.w.org\/{rel}","templated":true}]}}

Perchè Bicinsieme

<p><a name="home"></a></p>
<div class="entry-title">
<h1>Perchè Bicinsieme</h1>
</div>
<div class="contenitore1">
<div class="testodx">
<p>Ci piacerebbe che ognuno potesse muoversi con leggerezza, con i giusti tempi, senza barriere e nel rispetto dello spazio che attraversa. Pensiamo che l&#8217;ambiente sia un dono da preservare nel tempo senza pratiche di appropriazione invasiva che trascuri l&#8217;ascolto dell&#8217;altro &#8230;e di noi stessi.</p>
<p>Lavoriamo per trovare soluzioni volte ad offrire anche ai membri più fragili della nostra comunità la possibilità di essere ancora al centro della vita collettiva, magari con un pizzico di originalità!</p>
<p>Anche noi sogniamo certamente un mondo condiviso, dove la possibilità di essere elementi attivi della cittadinanza contribuisca alla felicità e al benessere di tutti, a prescindere da età o condizioni di salute.</p>
<p>Bisogna essere maghi? No, basta garantire il diritto di sperimentare l’ambiente con curiosità, tenendo vive percezione, socialità e abilità motorie. In questo modo contribuiamo a tener vivo quel collante tra le parti delle nostra comunità, condizione indispensabile per salvaguardare la fiducia e il rispetto reciproco.</p>
</div>
<div class="portafoto" data-wp-editing="1"><img decoding="async" class="alignnone size-full wp-image-91" style="width: 80%;margin-bottom:2rem;" src="https://bicinsieme.com/wp-content/uploads/2023/02/Orthro_02_900x900.jpg" alt=""></div>
<div class="portafoto" data-wp-editing="1"><img decoding="async" class="alignnone size-full wp-image-91" style="width: 80%;margin-bottom:2rem;" src="https://bicinsieme.com/wp-content/uploads/2023/02/S_a_Spasso.jpeg" alt=""></div>
<div class="testodx">
<h2>Inclusività a pedali</h2>
<p>E&#8217; evidente che potersi spostare e interagire con l’ambiente esterno con grande indipendenza permette a ciascuno di sentirsi protagonista all’interno della propria comunità.</p>
<p>Poter fare questo in lentezza e relax favorisce la costruzione e il mantenimento di legami. Tra generazioni diverse, tra anziani, tra pilota e passeggeri, tra educatori, utenti e famigliari.</p>
<p>Senza contare che l’interazione sociale e l’esercizio fisico garantiti dagli spostamenti su queste speciali biciclette prevengono molti disturbi cronici.</p>
<p>Finalmente la possibilità di spostarsi pedalando è effettivamente alla portata di chiunque! Il nostro compito è cercare soluzioni di mobilità per tutti, adoperandoci per offrire specifici test mirati a capire le esigenze di ognuno.</p>
</div>
<div class="testosx">
<h2>I nostri servizi</h2>
<p>Offriamo a istituzioni pubbliche, associazioni, imprese e famiglie:</p>
<p>&#8211; servizi di <span style="font-weight: bold; color: green;">noleggio</span> di mezzi a pedali speciali per persone che hanno difficoltà a utilizzare la tradizionale bicicletta;</p>
<p>&#8211; <span style="font-weight: bold; color: green;">mappatura</span> delle reti stradali del territorio per verificarne la loro compatibilità rispetto alle esigenze di una ciclabilità inclusiva;</p>
<p>&#8211; <span style="font-weight: bold; color: green;">consulenza</span> per l&#8217;acquisto di mezzi a pedali speciali;</p>
<p>&#8211; <span style="font-weight: bold; color: green;">eventi</span> di sensibilizzazione rivolti ai vari stakeholder per fare apprezzare le potenzialità di un utilizzo inclusivo dei mezzi a pedali.</p>
</div>
<div class="portafoto" data-wp-editing="1"><img decoding="async" class="alignnone size-full wp-image-91" style="width: 100%;" src="https://bicinsieme.com/wp-content/uploads/2023/02/10.jpeg" alt=""></div>
</div>

<p>Perchè Bicinsieme Ci piacerebbe che ognuno potesse muoversi con leggerezza, con i giusti tempi, senza barriere e nel rispetto dello spazio che</p>
<p class="link-more"><a class="myButt " href="https://bicinsieme.com/">Read More</a></p>
