{"id":590,"date":"2023-02-24T12:08:35","date_gmt":"2023-02-24T11:08:35","guid":{"rendered":"https:\/\/bicinsieme.com\/?page_id=590"},"modified":"2024-01-26T09:36:02","modified_gmt":"2024-01-26T08:36:02","slug":"590-2","status":"publish","type":"page","link":"https:\/\/bicinsieme.com\/index.php\/590-2\/","title":{"rendered":"Chi siamo."},"content":{"rendered":"<div class=\"entry-title\">\n<h1>Chi siamo<\/h1>\n<\/div>\n<div class=\"contenitore1\">\n<div class=\"testodx\">\n<p>Enrico Bonfatti \u00e8 un ex operatore sanitario con lunga esperienza nel campo della disabilit\u00e0 e della terza et\u00e0. Da sempre appassionato ciclista reclinato e giramondo, ad un certo punto della sua vita ha deciso di cambiare pagina. Ha pensato bene di trascinare in questa avventura anche Lorenzo.<\/p>\n<\/div>\n<div class=\"portafoto\">\n<img decoding=\"async\" src=\"https:\/\/bicinsieme.com\/wp-content\/uploads\/2023\/11\/enrico-e1701347985906.png\"><\/div>\n<div class=\"portafoto\">\n<img decoding=\"async\" src=\"https:\/\/bicinsieme.com\/wp-content\/uploads\/2023\/11\/lorenzo.png\"><\/div>\n<div class=\"testodx\">\n<p>Lorenzo Calani \u00e8 titolare e fondatore di <a class=\"custom\" href=\"https:\/\/spezialcycle.it\" target=\"_blank\" rel=\"noopener\">Spezialcycle<\/a>. Dal 2010 rappresenta un riferimento per chiunque voglia muoversi in modo leggero e sostenibile a Bologna e dintorni. Potete trovarlo nel negozio di Via San Donato 23 a Bologna oppure allo Show Room delle sue cargo bike a Rastignano, in Via Andrea Costa 112.<\/p>\n<\/div>\n<\/div>\n","protected":false},"excerpt":{"rendered":"<p>Chi siamo Enrico Bonfatti \u00e8 un ex operatore sanitario con lunga esperienza nel campo della disabilit\u00e0 e della terza et\u00e0. Da sempre<\/p>\n<p class=\"link-more\"><a class=\"myButt \" href=\"https:\/\/bicinsieme.com\/index.php\/590-2\/\">Read More<\/a><\/p>\n","protected":false},"author":1,"featured_media":0,"parent":0,"menu_order":0,"comment_status":"closed","ping_status":"closed","template":"","meta":{"om_disable_all_campaigns":false,"_monsterinsights_skip_tracking":false,"_monsterinsights_sitenote_active":false,"_monsterinsights_sitenote_note":"","_monsterinsights_sitenote_category":0,"_uf_show_specific_survey":0,"_uf_disable_surveys":false,"footnotes":""},"class_list":["post-590","page","type-page","status-publish","hentry"],"aioseo_notices":[],"_links":{"self":[{"href":"https:\/\/bicinsieme.com\/index.php\/wp-json\/wp\/v2\/pages\/590","targetHints":{"allow":["GET"]}}],"collection":[{"href":"https:\/\/bicinsieme.com\/index.php\/wp-json\/wp\/v2\/pages"}],"about":[{"href":"https:\/\/bicinsieme.com\/index.php\/wp-json\/wp\/v2\/types\/page"}],"author":[{"embeddable":true,"href":"https:\/\/bicinsieme.com\/index.php\/wp-json\/wp\/v2\/users\/1"}],"replies":[{"embeddable":true,"href":"https:\/\/bicinsieme.com\/index.php\/wp-json\/wp\/v2\/comments?post=590"}],"version-history":[{"count":25,"href":"https:\/\/bicinsieme.com\/index.php\/wp-json\/wp\/v2\/pages\/590\/revisions"}],"predecessor-version":[{"id":759,"href":"https:\/\/bicinsieme.com\/index.php\/wp-json\/wp\/v2\/pages\/590\/revisions\/759"}],"wp:attachment":[{"href":"https:\/\/bicinsieme.com\/index.php\/wp-json\/wp\/v2\/media?parent=590"}],"curies":[{"name":"wp","href":"https:\/\/api.w.org\/{rel}","templated":true}]}}