{"id":982,"date":"2025-08-05T14:53:44","date_gmt":"2025-08-05T12:53:44","guid":{"rendered":"https:\/\/bicinsieme.com\/?page_id=982"},"modified":"2025-10-30T15:26:59","modified_gmt":"2025-10-30T14:26:59","slug":"van-raam","status":"publish","type":"page","link":"https:\/\/bicinsieme.com\/index.php\/van-raam\/","title":{"rendered":"Van Raam"},"content":{"rendered":"<div class=\"entry-title\">\n<h1>Van Raam, la mobilit\u00e0 come non l&#8217;avete mai vista<\/h1>\n<p><a href=\"https:\/\/www.vanraam.com\/en-gb\" target=\"_blank\" rel=\"noopener\"><img decoding=\"async\" src=\"https:\/\/bicinsieme.com\/wp-content\/uploads\/2025\/08\/Van-Raam-logo.png\" \/><\/a><\/p>\n<\/div>\n<div class=\"contenitore1\">\n<div class=\"testodx\">\n<p>Nata oltre un secolo fa come produttore di biciclette e da 40 anni vocata alla progettazione e messa a punto di mezzi inclusivi, <a class=\"custom\" href=\"https:\/\/www.vanraam.com\/en-gb\">Van Raam<\/a> crede fermamente che godere il pi\u00f9 a lungo possibile della mobilit\u00e0 e dell&#8217;indipendenza sia il segreto della felicit\u00e0. Per questo da anni offre alle persone con disabilit\u00e0 e a quelle che non possono utilizzare le tradizionali biciclette la possibilit\u00e0 di accedere a una mobilit\u00e0 sostenibile al passo con i tempi.<br \/>\nI mezzi Van Raam permettono a tutti di sperimentare l&#8217;indipendenza e la libert\u00e0.<\/p>\n<\/div>\n<div class=\"portafoto\"><div aria-live=\"polite\" id=\"soliloquy-container-1033_1\" class=\"soliloquy-container soliloquy-transition-fade  soliloquy-theme-base\" style=\"max-width:960px;max-height:600px;\"><ul id=\"soliloquy-1033_1\" class=\"soliloquy-slider soliloquy-slides soliloquy-wrap soliloquy-clear\"><li aria-hidden=\"true\" class=\"soliloquy-item soliloquy-item-1 soliloquy-image-slide\" draggable=\"false\" style=\"list-style:none\"><img decoding=\"async\" id=\"soliloquy-image-1038\" class=\"soliloquy-image soliloquy-image-1\" src=\"https:\/\/bicinsieme.com\/wp-content\/uploads\/2025\/10\/copertina-960x600_c.avif\" alt=\"copertina\" \/><\/li><li aria-hidden=\"true\" class=\"soliloquy-item soliloquy-item-2 soliloquy-image-slide\" draggable=\"false\" style=\"list-style:none\"><img decoding=\"async\" id=\"soliloquy-image-1034\" class=\"soliloquy-image soliloquy-image-2\" src=\"https:\/\/bicinsieme.com\/wp-content\/uploads\/2025\/10\/1694588200-van-raam-veloplus-wheelchair-bike-impression-960x600_c.avif\" alt=\"1694588200-van-raam-veloplus-wheelchair-bike-impression\" \/><\/li><li aria-hidden=\"true\" class=\"soliloquy-item soliloquy-item-3 soliloquy-image-slide\" draggable=\"false\" style=\"list-style:none\"><img decoding=\"async\" id=\"soliloquy-image-1035\" class=\"soliloquy-image soliloquy-image-3\" src=\"https:\/\/bicinsieme.com\/wp-content\/uploads\/2025\/10\/1694588338-veloplus-wheelchair-transport-bike-van-raam-960x600_c.avif\" alt=\"1694588338-veloplus-wheelchair-transport-bike-van-raam\" \/><\/li><li aria-hidden=\"true\" class=\"soliloquy-item soliloquy-item-4 soliloquy-image-slide\" draggable=\"false\" style=\"list-style:none\"><img decoding=\"async\" id=\"soliloquy-image-1036\" class=\"soliloquy-image soliloquy-image-4\" src=\"https:\/\/bicinsieme.com\/wp-content\/uploads\/2025\/10\/1694588809-veloplus-van-raam-tilted-ramp-wheelchair-bike-960x600_c.avif\" alt=\"1694588809-veloplus-van-raam-tilted-ramp-wheelchair-bike\" \/><\/li><li aria-hidden=\"true\" class=\"soliloquy-item soliloquy-item-5 soliloquy-image-slide\" draggable=\"false\" style=\"list-style:none\"><img decoding=\"async\" id=\"soliloquy-image-1037\" class=\"soliloquy-image soliloquy-image-5\" src=\"https:\/\/bicinsieme.com\/wp-content\/uploads\/2025\/10\/1694589291-fixing-straps-wheelchair-transport-bike-veloplus-van-raam-960x600_c.avif\" alt=\"1694589291-fixing-straps-wheelchair-transport-bike-veloplus-van-raam\" \/><\/li><\/ul><\/div><noscript><style type=\"text\/css\">#soliloquy-container-1033_1{opacity:1}<\/style><\/noscript><\/div>\n<\/div>\n<p><a id=\"OPair\"><\/p>\n<h2>Veloplus<\/h2>\n<p><\/a><\/p>\n<div class=\"contenitore1\">\n<div class=\"testodx\">\n<p>Da Bicinsieme potete provare la <a class=\"custom\" href=\"#opair\">Van Raam Veloplus<\/a> pensata per il trasporto di un passeggero in carrozzina, senza necessit\u00e0 di doverlo sollevare per il trasferimento. Pu\u00f2 essere infatti spinto facilmente sulla pedana basculante del mezzo insieme alla carrozzina che viene poi opportunamente assicurata con cinture di tipo automobilistico.<\/p>\n<p style=\"margin:auto; width:80%;\">\n<iframe loading=\"lazy\" width=\"533\" height=\"386\" style=\"margin:auto;\" src=\"https:\/\/www.youtube.com\/embed\/lYZhdJFvcoo\" title=\"Wheelchair transport bicycle VeloPlus\" frameborder=\"0\" allow=\"accelerometer; autoplay; clipboard-write; encrypted-media; gyroscope; picture-in-picture; web-share\" referrerpolicy=\"strict-origin-when-cross-origin\" allowfullscreen><\/iframe>\n<\/p>\n<\/div>\n<div class=\"testosx\">\n<table>\n<caption>Scheda Tecnica<\/caption>\n<tbody>\n<tr>\n<td>Autonomia media<\/td>\n<td>59 km<\/td>\n<\/tr>\n<tr>\n<td>Autonomia min \/ max<\/td>\n<td>34 \/ 90 km<\/td>\n<\/tr>\n<tr>\n<td>Velocit\u00e0 max con assistenza<\/td>\n<td>20 km\/h<\/td>\n<\/tr>\n<tr>\n<td>Altezza minima telaio<\/td>\n<td>28 cm<\/td>\n<\/tr>\n<tr>\n<td>Altezza ciclista al cavallo<\/td>\n<td>80-95 cm<\/td>\n<\/tr>\n<tr>\n<td>Peso versione muscolare<\/td>\n<td>64 kg<\/td>\n<\/tr>\n<tr>\n<td>Peso versione assistita<\/td>\n<td>74.8 kg<\/td>\n<\/tr>\n<tr>\n<td>Lunghezza<\/td>\n<td>253 cm<\/td>\n<\/tr>\n<tr>\n<td>Larghezza<\/td>\n<td>110 cm<\/td>\n<\/tr>\n<tr>\n<td>Misura ruote anteriori<\/td>\n<td>20&#8243;<\/td>\n<\/tr>\n<tr>\n<td>Misura ruota posteriore<\/td>\n<td>26&#8243;<\/td>\n<\/tr>\n<tr>\n<td>Peso max pilota<\/td>\n<td> 110 kg<\/td>\n<\/tr>\n<tr>\n<td>Peso max passeggero (inclusa carrozzina)<\/td>\n<td>140 kg<\/td>\n<\/tr>\n<tr>\n<td>Peso max passeggero (versione rinforzata)<\/td>\n<td>200 kg<\/td>\n<\/tr>\n<\/tbody>\n<\/table>\n<\/div>\n<\/div>\n<h2>Accessori<\/h2>\n<p><!--\n\n<div class=\"foto\" style=\"display:block;\">Per permettere a chiunque di apprezzare il piacere di pedalare<\/div>\n\n--><\/p>\n<div class=\"contenitore\">\n<div class=\"portafoto\" style=\"width: 100%; wrap: nowrap; align-items: flex-start; justify-content: center;\">\n<div class=\"foto\">\n<div><iframe loading=\"lazy\" width=\"700\" height=\"395\" src=\"https:\/\/www.youtube.com\/embed\/nrzn8Durkts?si=Ea3R4sOmRU2E4D8T&amp;start=19\" title=\"YouTube video player\" frameborder=\"0\" allow=\"accelerometer; autoplay; clipboard-write; encrypted-media; gyroscope; picture-in-picture; web-share\" referrerpolicy=\"strict-origin-when-cross-origin\" allowfullscreen><\/iframe><\/div>\n<div>\nArgano motorizzato per evitare la fatica di spingere il passeggero sulla pedana.\n<\/div>\n<\/div>\n<div>\n<div class=\"foto\">\n<img decoding=\"async\" src=\"https:\/\/bicinsieme.com\/wp-content\/uploads\/2025\/10\/motore-doppiabatteria.avif\">\n<\/div>\n<div style=\"font-size:1.3rem;\">\nPedalata assistita con motore 250W 60 Nm e batteria Slim 13.6 Ah, eventualmente raddoppiabile.\n<\/div>\n<\/div>\n<\/div>\n<\/div>\n","protected":false},"excerpt":{"rendered":"<p>Van Raam, la mobilit\u00e0 come non l&#8217;avete mai vista Nata oltre un secolo fa come produttore di biciclette e da 40 anni<\/p>\n<p class=\"link-more\"><a class=\"myButt \" href=\"https:\/\/bicinsieme.com\/index.php\/van-raam\/\">Read More<\/a><\/p>\n","protected":false},"author":1,"featured_media":0,"parent":0,"menu_order":0,"comment_status":"closed","ping_status":"closed","template":"","meta":{"om_disable_all_campaigns":false,"_monsterinsights_skip_tracking":false,"_monsterinsights_sitenote_active":false,"_monsterinsights_sitenote_note":"","_monsterinsights_sitenote_category":0,"_uf_show_specific_survey":0,"_uf_disable_surveys":false,"footnotes":""},"class_list":["post-982","page","type-page","status-publish","hentry"],"aioseo_notices":[],"_links":{"self":[{"href":"https:\/\/bicinsieme.com\/index.php\/wp-json\/wp\/v2\/pages\/982","targetHints":{"allow":["GET"]}}],"collection":[{"href":"https:\/\/bicinsieme.com\/index.php\/wp-json\/wp\/v2\/pages"}],"about":[{"href":"https:\/\/bicinsieme.com\/index.php\/wp-json\/wp\/v2\/types\/page"}],"author":[{"embeddable":true,"href":"https:\/\/bicinsieme.com\/index.php\/wp-json\/wp\/v2\/users\/1"}],"replies":[{"embeddable":true,"href":"https:\/\/bicinsieme.com\/index.php\/wp-json\/wp\/v2\/comments?post=982"}],"version-history":[{"count":43,"href":"https:\/\/bicinsieme.com\/index.php\/wp-json\/wp\/v2\/pages\/982\/revisions"}],"predecessor-version":[{"id":1070,"href":"https:\/\/bicinsieme.com\/index.php\/wp-json\/wp\/v2\/pages\/982\/revisions\/1070"}],"wp:attachment":[{"href":"https:\/\/bicinsieme.com\/index.php\/wp-json\/wp\/v2\/media?parent=982"}],"curies":[{"name":"wp","href":"https:\/\/api.w.org\/{rel}","templated":true}]}}

<div class="entry-title">
<h1>Van Raam, la mobilità come non l&#8217;avete mai vista</h1>
<p><a href="https://www.vanraam.com/en-gb" target="_blank" rel="noopener"><img decoding="async" src="https://bicinsieme.com/wp-content/uploads/2025/08/Van-Raam-logo.png" /></a></p>
</div>
<div class="contenitore1">
<div class="testodx">
<p>Nata oltre un secolo fa come produttore di biciclette e da 40 anni vocata alla progettazione e messa a punto di mezzi inclusivi, <a class="custom" href="https://www.vanraam.com/en-gb">Van Raam</a> crede fermamente che godere il più a lungo possibile della mobilità e dell&#8217;indipendenza sia il segreto della felicità. Per questo da anni offre alle persone con disabilità e a quelle che non possono utilizzare le tradizionali biciclette la possibilità di accedere a una mobilità sostenibile al passo con i tempi.<br />
I mezzi Van Raam permettono a tutti di sperimentare l&#8217;indipendenza e la libertà.</p>
</div>
<div class="portafoto"><div aria-live="polite" id="soliloquy-container-1033_1" class="soliloquy-container soliloquy-transition-fade  soliloquy-theme-base" style="max-width:960px;max-height:600px;"><ul id="soliloquy-1033_1" class="soliloquy-slider soliloquy-slides soliloquy-wrap soliloquy-clear"><li aria-hidden="true" class="soliloquy-item soliloquy-item-1 soliloquy-image-slide" draggable="false" style="list-style:none"><img decoding="async" id="soliloquy-image-1038" class="soliloquy-image soliloquy-image-1" src="https://bicinsieme.com/wp-content/uploads/2025/10/copertina-960x600_c.avif" alt="copertina" /></li><li aria-hidden="true" class="soliloquy-item soliloquy-item-2 soliloquy-image-slide" draggable="false" style="list-style:none"><img decoding="async" id="soliloquy-image-1034" class="soliloquy-image soliloquy-image-2" src="https://bicinsieme.com/wp-content/uploads/2025/10/1694588200-van-raam-veloplus-wheelchair-bike-impression-960x600_c.avif" alt="1694588200-van-raam-veloplus-wheelchair-bike-impression" /></li><li aria-hidden="true" class="soliloquy-item soliloquy-item-3 soliloquy-image-slide" draggable="false" style="list-style:none"><img decoding="async" id="soliloquy-image-1035" class="soliloquy-image soliloquy-image-3" src="https://bicinsieme.com/wp-content/uploads/2025/10/1694588338-veloplus-wheelchair-transport-bike-van-raam-960x600_c.avif" alt="1694588338-veloplus-wheelchair-transport-bike-van-raam" /></li><li aria-hidden="true" class="soliloquy-item soliloquy-item-4 soliloquy-image-slide" draggable="false" style="list-style:none"><img decoding="async" id="soliloquy-image-1036" class="soliloquy-image soliloquy-image-4" src="https://bicinsieme.com/wp-content/uploads/2025/10/1694588809-veloplus-van-raam-tilted-ramp-wheelchair-bike-960x600_c.avif" alt="1694588809-veloplus-van-raam-tilted-ramp-wheelchair-bike" /></li><li aria-hidden="true" class="soliloquy-item soliloquy-item-5 soliloquy-image-slide" draggable="false" style="list-style:none"><img decoding="async" id="soliloquy-image-1037" class="soliloquy-image soliloquy-image-5" src="https://bicinsieme.com/wp-content/uploads/2025/10/1694589291-fixing-straps-wheelchair-transport-bike-veloplus-van-raam-960x600_c.avif" alt="1694589291-fixing-straps-wheelchair-transport-bike-veloplus-van-raam" /></li></ul></div><noscript><style type="text/css">#soliloquy-container-1033_1{opacity:1}</style></noscript></div>
</div>
<p><a id="OPair"></p>
<h2>Veloplus</h2>
<p></a></p>
<div class="contenitore1">
<div class="testodx">
<p>Da Bicinsieme potete provare la <a class="custom" href="#opair">Van Raam Veloplus</a> pensata per il trasporto di un passeggero in carrozzina, senza necessità di doverlo sollevare per il trasferimento. Può essere infatti spinto facilmente sulla pedana basculante del mezzo insieme alla carrozzina che viene poi opportunamente assicurata con cinture di tipo automobilistico.</p>
<p style="margin:auto; width:80%;">
<iframe loading="lazy" width="533" height="386" style="margin:auto;" src="https://www.youtube.com/embed/lYZhdJFvcoo" title="Wheelchair transport bicycle VeloPlus" frameborder="0" allow="accelerometer; autoplay; clipboard-write; encrypted-media; gyroscope; picture-in-picture; web-share" referrerpolicy="strict-origin-when-cross-origin" allowfullscreen></iframe>
</p>
</div>
<div class="testosx">
<table>
<caption>Scheda Tecnica</caption>
<tbody>
<tr>
<td>Autonomia media</td>
<td>59 km</td>
</tr>
<tr>
<td>Autonomia min / max</td>
<td>34 / 90 km</td>
</tr>
<tr>
<td>Velocità max con assistenza</td>
<td>20 km/h</td>
</tr>
<tr>
<td>Altezza minima telaio</td>
<td>28 cm</td>
</tr>
<tr>
<td>Altezza ciclista al cavallo</td>
<td>80-95 cm</td>
</tr>
<tr>
<td>Peso versione muscolare</td>
<td>64 kg</td>
</tr>
<tr>
<td>Peso versione assistita</td>
<td>74.8 kg</td>
</tr>
<tr>
<td>Lunghezza</td>
<td>253 cm</td>
</tr>
<tr>
<td>Larghezza</td>
<td>110 cm</td>
</tr>
<tr>
<td>Misura ruote anteriori</td>
<td>20&#8243;</td>
</tr>
<tr>
<td>Misura ruota posteriore</td>
<td>26&#8243;</td>
</tr>
<tr>
<td>Peso max pilota</td>
<td> 110 kg</td>
</tr>
<tr>
<td>Peso max passeggero (inclusa carrozzina)</td>
<td>140 kg</td>
</tr>
<tr>
<td>Peso max passeggero (versione rinforzata)</td>
<td>200 kg</td>
</tr>
</tbody>
</table>
</div>
</div>
<h2>Accessori</h2>
<p><!--

<div class="foto" style="display:block;">Per permettere a chiunque di apprezzare il piacere di pedalare</div>

--></p>
<div class="contenitore">
<div class="portafoto" style="width: 100%; wrap: nowrap; align-items: flex-start; justify-content: center;">
<div class="foto">
<div><iframe loading="lazy" width="700" height="395" src="https://www.youtube.com/embed/nrzn8Durkts?si=Ea3R4sOmRU2E4D8T&amp;start=19" title="YouTube video player" frameborder="0" allow="accelerometer; autoplay; clipboard-write; encrypted-media; gyroscope; picture-in-picture; web-share" referrerpolicy="strict-origin-when-cross-origin" allowfullscreen></iframe></div>
<div>
Argano motorizzato per evitare la fatica di spingere il passeggero sulla pedana.
</div>
</div>
<div>
<div class="foto">
<img decoding="async" src="https://bicinsieme.com/wp-content/uploads/2025/10/motore-doppiabatteria.avif">
</div>
<div style="font-size:1.3rem;">
Pedalata assistita con motore 250W 60 Nm e batteria Slim 13.6 Ah, eventualmente raddoppiabile.
</div>
</div>
</div>
</div>

<p>Van Raam, la mobilità come non l&#8217;avete mai vista Nata oltre un secolo fa come produttore di biciclette e da 40 anni</p>
<p class="link-more"><a class="myButt " href="https://bicinsieme.com/index.php/van-raam/">Read More</a></p>
